812
11002121110212 (base 3) to base 7
24335231
Convert -622758 (base 9) to base 10.
-369494
-1022214232 (base 5) to base 3
-11001010121001
Convert -311194 (base 16) to base 14.
-5d9cd6
64722 (base 12) to base 15
29342
What is 2221211201 (base 4) in base 8?
2514541
52027046 (base 8) to base 9
22658133
1e402 (base 16) to base 5
12431111
What is 1300544202 (base 6) in base 7?
242604521
What is -601223 (base 7) in base 13?
-37154
Convert 10101111101110010010101 (base 2) to base 8.
25756225
53c9 (base 14) to base 6
151021
121235 (base 10) to base 5
12334420
What is 334710 (base 10) in base 15?
69290
Convert 875b73 (base 15) to base 6.
350115413
-1100101100010000011 (base 2) to base 6
-12525203
Convert 793007 (base 14) to base 8.
17554337
Convert -11001100011100100101 (base 2) to base 11.
-522185
22326c (base 15) to base 5
404140202
What is -a63327 (base 11) in base 10?
-1702741
c800c (base 15) to base 10
634512
-10000100000110111 (base 2) to base 4
-100200313
6255057 (base 9) to base 15
4608d1
What is 183061 (base 9) in base 12?
55a17
What is 225010 (base 6) in base 15?
5a70
19a160c (base 14) to base 16
c2ac1c
20c78c7 (base 13) to base 10
10013244
9a584 (base 11) to base 14
3b1a8
-10001101000111101101011 (base 2) to base 5
-2140433420
What is -27f9e (base 16) in base 14?
-4395c
What is 1330656 (base 7) in base 16?
2adf8
-2001220210 (base 3) to base 15
-c129
Convert 122102300 (base 4) to base 8.
322260
What is 204102222 (base 5) in base 4?
3032311103
5540724 (base 9) to base 10
2979283
14201230 (base 5) to base 8
437171
-1100133012 (base 4) to base 2
-1010000011111000110
Convert -663a0 (base 13) to base 6.
-3545201
What is 58e46 (base 16) in base 10?
364102
-33429 (base 11) to base 9
-73382
-288277 (base 14) to base 4
-11113013301
What is 30111322123 (base 4) in base 15?
43d9dd
What is 1000011100001001101010 (base 2) in base 6?
115230510
Convert -1225334 (base 8) to base 7.
-2610216
-16450210 (base 7) to base 8
-6106107
What is 1142682 (base 12) in base 16?
32b142
Convert 21241305 (base 6) to base 16.
99389
What is -2032221200 (base 4) in base 13?
-175c43
Convert 550525050 (base 6) to base 12.
3366786
What is 1baa827 (base 12) in base 8?
26543037
What is -142133241 (base 5) in base 16?
-b49ed
Convert 13302221212 (base 4) to base 11.
11755a1
Convert -146471 (base 9) to base 2.
-10101111111000111
Convert -120306042 (base 7) to base 9.
-15036203
What is 7ac700 (base 15) in base 8?
26275016
Convert 67850 (base 15) to base 11.
205409
17e39 (base 16) to base 7
555163
10012506 (base 8) to base 9
3854200
-16460162 (base 7) to base 6
-54311032
444ac (base 13) to base 11
85061
Convert -77806 (base 12) to base 5.
-20032111
Convert -147c9b (base 14) to base 16.
-ae1e1
Convert 3958606 (base 12) to base 10.
11315814
What is 10201320310 (base 4) in base 14?
22ca0c
What is 506532 (base 7) in base 10?
86361
Convert -644617 (base 9) to base 5.
-44241311
What is 36541541 (base 9) in base 6?
1434450101
-4929927 (base 10) to base 4
-102303212013
102100000010022 (base 3) to base 14
b2b007
What is -242344113 (base 5) in base 7?
-12445026
What is -11201013 (base 5) in base 11?
-69260
-23113321230 (base 4) to base 8
-13277154
Convert -221100222110 (base 3) to base 6.
-14411450
What is -286942 (base 10) in base 4?
-1012003132
-21733a (base 11) to base 7
-2642051
-78179 (base 13) to base 11
-139685
What is 2132201033 (base 4) in base 11?
403909
12302552 (base 6) to base 14
a4a8c
31632757 (base 8) to base 9
13648432
754c (base 13) to base 12
9514
Convert 10001001010010110 (base 2) to base 13.
25cc3
Convert 10130022 (base 5) to base 12.
40141
Convert -1115210 (base 7) to base 5.
-13414202
Convert -63848 (base 11) to base 3.
-11201101020
What is -3036422 (base 7) in base 9?
-612128
-2355a (base 11) to base 4
-20102121
What is 1101022231 (base 5) in base 14?
456589
Convert 300221303031 (base 4) to base 14.
19a000d
What is 2110563 (base 12) in base 11?
3583a57
Convert 3540ab (base 14) to base 8.
6734147
What is 641837 (base 14) in base 6?
200315053
What is af52e7 (base 16) in base 11?
6538696
What is 3946923 (base 10) in base 5?
2002300143
What is -8a62 (base 16) in base 8?
-105142
Convert -1284577 (base 9) to base 10.
-705418
Convert 21360457 (base 9) to base 7.
153445516
-443348 (base 9) to base 3
-111110101122
-2103302012 (base 4) to base 3
-1010202100012
1934b3 (base 15) to base 10
1226193
-2275a17 (base 11) to base 6
-221113310
4b718 (base 14) to base 5
21411432
17510 (base 12) to base 13
1237b
What is cf58 (base 16) in base 5?
3144310
Convert -a10a53 (base 13) to base 2.
-1110010001111000010001
-44c81 (base 15) to base 11
-13a449
-25215551 (base 6) to base 7
-6616165
Convert -128184 (base 9) to base 6.
-1401504
-274818 (base 9) to base 3
-22111220122
Convert 1030412433 (base 5) to base 11.
1273703
Convert -230276 (base 8) to base 16.
-130be
Convert -13564415 (base 7) to base 11.
-7a2075
What is -67bb (base 14) in base 3?
-220200201
Convert -56540 (base 10) to base 8.
-156334
Convert -3c847 (base 13) to base 14.
-2d4c2
101000011010100011011 (base 2) to base 4
11003110123
What is -901242 (base 15) in base 2?
-11010000101011111110110
Convert 140a72 (base 16) to base 8.
5005162
What is 225514121 (base 6) in base 5?
2033142343
Convert 10111100011010101101111 (base 2) to base 10.
6174063
Convert 4001313 (base 5) to base 4.
33103310
What is -296183 (base 10) in base 13?
-a4a74
-11110111101001110001 (base 2) to base 3
-1220112110211
Convert 110000010010010 (base 2) to base 4.
12002102
4513240 (base 6) to base 13
7c755
Convert -1b59b0 (base 12) to base 5.
-111040441
Convert 541b15 (base 13) to base 7.
22533246
What is -70173423 (base 8) in base 16?
-e0f713
Convert 14322110 (base 6) to base 4.
1320112122
-2ad22 (base 15) to base 2
-100001101011100101
What is 42013404 (base 5) in base 12?
14769a
Convert 15b1a (base 12) to base 2.
111100100000110
771491 (base 13) to base 12
b31615
140476 (base 10) to base 4
202102330
Convert -11111222121001 (base 3) to base 16.
-24a306
30543137 (base 8) to base 15
87d041
-1101011010101100111 (base 2) to base 13
-125168
Convert -10011000111010001 (base 2) to base 12.
-39381
What is 121415211 (base 7) in base 13?
1761933
Convert -48330 (base 10) to base 6.
-1011430
1406244 (base 7) to base 5
21441230
What is 178073 (base 14) in base 7?
10021203
Convert -15a5c1 (base 13) to base 4.
-2003013232
1033023 (base 7) to base 4
132233022
Convert 11410260 (base 7) to base 3.
1220100210000
Convert -247416 (base 8) to base 15.
-1a634
-206153 (base 7) to base 12
-1883b
What is -134390 (base 15) in base 11?
-582429
55011444 (base 7) to base 2
10001111101101001000100
What is 1316726 (base 8) in base 12?
15901a
Convert 1001000101110010010011000 (base 2) to base 8.
110562230
What is 584874 (base 9) in base 5?
42220424
What is 6550333 (base 7) in base 16?
c3d39
What is -43a1342 (base 11) in base 3?
-112112002111002
Convert -221a83 (base 16) to base 8.
-10415203
What is 39d54 (base 15) in base 16?
2d3a6
What is 151b42 (base 15) in base 11?
63616a
Convert 21b27 (base 15) to base 2.
11010001010000001
16876 (base 13) to base 15
cbe7
Convert -52412431 (base 6) to base 13.
-415768
-12452224 (base 6) to base 7
-3332164
-1001212100112 (base 3) to base 6
-20102152
-512755 (base 8) to base 14
-45a7b
Convert -61585 (base 15) to base 5.
-34332000
2148451 (base 9) to base 13
315583
-223120 (base 8) to base 4
-102121100
Convert -302341022 (base 6) to base 13.
-10b90b6
What is 11b8b (base 15) in base 8?
156436
263775 (base 8) to base 12
453b9
Convert -18676 (base 15) to base 13.
-29cc7
What is 1404222 (base 6) in base 10?
78710
What is 13163a (base 13) in base 3?
212101022210
What is 1100110010000001101011 (base 2) in base 14?
633111
-13d3c (base 14) to base 16
-c062
-13124010413 (base 5) to base 10
-16235108
Convert -2c2a4 (base 15) to base 7.
-1132012
What is 93736 (base 11) in base 6?
2532344
Convert -112213103 (base 4) to base 9.
-151048
299d (base 16) to base 6
121153
Convert 166806 (base 12) to base 15.
79019
-51004 (base 10) to base 11
-35358
What is c57c (base 15) in base 10?
41742
Convert 165467 (base 13) to base 10.
554405
Convert 1103321203 (base 4) to base 12.
146a57
What is -157015a (base 11) in base 4?
-22032023001
Convert 23640a5 (base 12) to base 3.
110220000022122
C